{"id":3342,"date":"2024-07-23T14:16:40","date_gmt":"2024-07-23T19:16:40","guid":{"rendered":"https:\/\/rewdev.net\/?page_id=3342"},"modified":"2025-01-16T21:32:49","modified_gmt":"2025-01-17T02:32:49","slug":"contacto","status":"publish","type":"page","link":"https:\/\/rewdev.net\/?page_id=3342","title":{"rendered":""},"content":{"rendered":"\t\t<div data-elementor-type=\"wp-page\" data-elementor-id=\"3342\" class=\"elementor elementor-3342\" data-elementor-post-type=\"page\">\n\t\t\t\t<div class=\"elementor-element elementor-element-0e15d84 e-flex e-con-boxed e-con e-parent\" data-id=\"0e15d84\" data-element_type=\"container\">\n\t\t\t\t\t<div class=\"e-con-inner\">\n\t\t\t\t<div class=\"elementor-element elementor-element-f0978ad elementor-widget elementor-widget-html\" data-id=\"f0978ad\" data-element_type=\"widget\" data-widget_type=\"html.default\">\n\t\t\t\t<div class=\"elementor-widget-container\">\n\t\t\t\t\t<div data-aos=\"fade-up\" data-aos-duration=\"800\">\r\n  <h3 style=\"text-align: center;\">\r\n    <span style=\"color: #000000;\"><strong>CONT\u00c1CTANOS<\/strong><\/span>\r\n  <\/h3>\r\n\r\n  <p style=\"text-align: justify; color: #000;\">\r\n   En RewDev, valoramos profundamente la comunicaci\u00f3n con nuestros clientes y socios. Tu opini\u00f3n, inquietudes o consultas son fundamentales para nosotros. Si tienes alguna pregunta sobre nuestros productos, servicios, o necesitas asistencia, no dudes en ponerte en contacto con nuestro equipo.\r\n  <\/p>\r\n<\/div>\r\n\t\t\t\t<\/div>\n\t\t\t\t<\/div>\n\t\t\t\t<div class=\"elementor-element elementor-element-5ab0466 elementor-widget elementor-widget-shortcode\" data-id=\"5ab0466\" data-element_type=\"widget\" data-widget_type=\"shortcode.default\">\n\t\t\t\t<div class=\"elementor-widget-container\">\n\t\t\t\t\t\t\t<div class=\"elementor-shortcode\">\n<div class=\"wpcf7 no-js\" id=\"wpcf7-f149-o1\" lang=\"es-CO\" dir=\"ltr\" data-wpcf7-id=\"149\">\n<div class=\"screen-reader-response\"><p role=\"status\" aria-live=\"polite\" aria-atomic=\"true\"><\/p> <ul><\/ul><\/div>\n<form action=\"\/index.php?rest_route=%2Fwp%2Fv2%2Fpages%2F3342#wpcf7-f149-o1\" method=\"post\" class=\"wpcf7-form init\" aria-label=\"Formulario de contacto\" novalidate=\"novalidate\" data-status=\"init\">\n<fieldset class=\"hidden-fields-container\"><input type=\"hidden\" name=\"_wpcf7\" value=\"149\" \/><input type=\"hidden\" name=\"_wpcf7_version\" value=\"6.1.5\" \/><input type=\"hidden\" name=\"_wpcf7_locale\" value=\"es_CO\" \/><input type=\"hidden\" name=\"_wpcf7_unit_tag\" value=\"wpcf7-f149-o1\" \/><input type=\"hidden\" name=\"_wpcf7_container_post\" value=\"0\" \/><input type=\"hidden\" name=\"_wpcf7_posted_data_hash\" value=\"\" \/>\n<\/fieldset>\n<style>\n .contact-form {\n max-width: 800px; \/* Aumenta el ancho m\u00e1ximo del contenedor *\/\n margin: auto;\n padding: 20px;\n border-radius: 8px;\n background-color: #f9f9f9;\n box-shadow: 0 4px 8px rgba(0, 0, 0, 0.1);\n }\n .contact-form label {\n display: block;\n margin-bottom: 2px; \/* Reducci\u00f3n adicional del margen para estar m\u00e1s cerca del input *\/\n font-size: 16px; \/* Tama\u00f1o de fuente grande *\/\n font-weight: bold;\n color: #333;\n }\n .contact-form input[type=\"text\"],\n .contact-form input[type=\"email\"],\n .contact-form textarea {\n width: 100%;\n padding: 10px; \/* Ajuste del relleno para un ajuste m\u00e1s ce\u00f1ido *\/\n margin-bottom: 12px; \/* Ajuste del margen inferior para acercar los campos *\/\n border: 1px solid #ddd;\n border-radius: 4px;\n box-sizing: border-box;\n background-color: #fff; \/* Fondo blanco *\/\n color: #333; \/* Texto en color oscuro para contraste *\/\n }\n .contact-form textarea {\n height: 120px;\n resize: vertical;\n }\n .contact-form input[type=\"submit\"] {\n background-color: #f06543;\n color: white;\n border: none;\n padding: 12px 20px;\n border-radius: 4px;\n cursor: pointer;\n font-size: 16px;\n display: block; \/* Asegura que el bot\u00f3n se comporte como un bloque para centrarse *\/\n margin: 20px auto 0; \/* Centra el bot\u00f3n horizontalmente y a\u00f1ade margen superior *\/\n }\n .contact-form input[type=\"submit\"]:hover {\n background-color: #e04a32;\n }\n \/* Estilo para los campos obligatorios *\/\n .contact-form .required::after {\n content: \"*\";\n color: red;\n font-size: 18px;\n margin-left: 5px;\n }\n<\/style>\n<div class=\"contact-form\">\n\t<p><label for=\"your-name\" class=\"required\">Nombre Completo<\/label><br \/>\n<span class=\"wpcf7-form-control-wrap\" data-name=\"your-name\"><input size=\"40\" maxlength=\"400\" class=\"wpcf7-form-control wpcf7-text wpcf7-validates-as-required\" id=\"your-name\" autocomplete=\"name\" aria-required=\"true\" aria-invalid=\"false\" value=\"\" type=\"text\" name=\"your-name\" \/><\/span>\n\t<\/p>\n\t<p><label for=\"your-email\" class=\"required\">Correo electr\u00f3nico<\/label><br \/>\n<span class=\"wpcf7-form-control-wrap\" data-name=\"your-email\"><input size=\"40\" maxlength=\"400\" class=\"wpcf7-form-control wpcf7-email wpcf7-validates-as-required wpcf7-text wpcf7-validates-as-email\" id=\"your-email\" autocomplete=\"email\" aria-required=\"true\" aria-invalid=\"false\" value=\"\" type=\"email\" name=\"your-email\" \/><\/span>\n\t<\/p>\n\t<p><label for=\"your-contact\" class=\"required\">Tel\u00e9fono<\/label><br \/>\n<span class=\"wpcf7-form-control-wrap\" data-name=\"your-contact\"><input size=\"40\" maxlength=\"400\" class=\"wpcf7-form-control wpcf7-text wpcf7-validates-as-required\" id=\"your-contact\" aria-required=\"true\" aria-invalid=\"false\" value=\"\" type=\"text\" name=\"your-contact\" \/><\/span>\n\t<\/p>\n\t<p><label for=\"your-message\" class=\"required\">Mensaje<\/label><br \/>\n<span class=\"wpcf7-form-control-wrap\" data-name=\"your-message\"><textarea cols=\"40\" rows=\"10\" maxlength=\"2000\" class=\"wpcf7-form-control wpcf7-textarea\" id=\"your-message\" aria-invalid=\"false\" name=\"your-message\"><\/textarea><\/span>\n\t<\/p>\n\t<p><input class=\"wpcf7-form-control wpcf7-submit has-spinner\" type=\"submit\" value=\"Enviar\" \/>\n\t<\/p>\n<\/div><div class=\"wpcf7-response-output\" aria-hidden=\"true\"><\/div>\n<\/form>\n<\/div>\n<\/div>\n\t\t\t\t\t\t<\/div>\n\t\t\t\t<\/div>\n\t\t\t\t\t<\/div>\n\t\t\t\t<\/div>\n\t\t<div class=\"elementor-element elementor-element-9e3fe6d e-flex e-con-boxed e-con e-parent\" data-id=\"9e3fe6d\" data-element_type=\"container\">\n\t\t\t\t\t<div class=\"e-con-inner\">\n\t\t\t\t<div class=\"elementor-element elementor-element-1f5cbec elementor-widget elementor-widget-html\" data-id=\"1f5cbec\" data-element_type=\"widget\" data-widget_type=\"html.default\">\n\t\t\t\t<div class=\"elementor-widget-container\">\n\t\t\t\t\t<link href=\"https:\/\/cdn.jsdelivr.net\/npm\/bootstrap@5.3.0-alpha1\/dist\/css\/bootstrap.min.css\" rel=\"stylesheet\">\r\n<script src=\"https:\/\/cdn.jsdelivr.net\/npm\/bootstrap@5.3.0-alpha1\/dist\/js\/bootstrap.bundle.min.js\"><\/script>\r\n\r\n<link href=\"https:\/\/cdnjs.cloudflare.com\/ajax\/libs\/aos\/2.3.4\/aos.css\" rel=\"stylesheet\">\r\n<script src=\"https:\/\/cdnjs.cloudflare.com\/ajax\/libs\/aos\/2.3.4\/aos.js\"><\/script>\r\n\r\n<link href=\"https:\/\/cdnjs.cloudflare.com\/ajax\/libs\/font-awesome\/4.7.0\/css\/font-awesome.min.css\" rel=\"stylesheet\">\r\n\r\n<script>\r\nAOS.init();\r\n<\/script>\t\t\t\t<\/div>\n\t\t\t\t<\/div>\n\t\t\t\t\t<\/div>\n\t\t\t\t<\/div>\n\t\t<div class=\"elementor-element elementor-element-82b8486 e-flex e-con-boxed e-con e-parent\" data-id=\"82b8486\" data-element_type=\"container\">\n\t\t\t\t\t<div class=\"e-con-inner\">\n\t\t\t\t<div class=\"elementor-element elementor-element-ff54b0c elementor-widget-divider--view-line elementor-widget elementor-widget-divider\" data-id=\"ff54b0c\" data-element_type=\"widget\" data-widget_type=\"divider.default\">\n\t\t\t\t<div class=\"elementor-widget-container\">\n\t\t\t\t\t\t\t<div class=\"elementor-divider\">\n\t\t\t<span class=\"elementor-divider-separator\">\n\t\t\t\t\t\t<\/span>\n\t\t<\/div>\n\t\t\t\t\t\t<\/div>\n\t\t\t\t<\/div>\n\t\t\t\t\t<\/div>\n\t\t\t\t<\/div>\n\t\t<div class=\"elementor-element elementor-element-0170b23 e-flex e-con-boxed e-con e-parent\" data-id=\"0170b23\" data-element_type=\"container\">\n\t\t\t\t\t<div class=\"e-con-inner\">\n\t\t<div class=\"elementor-element elementor-element-4879ca1 e-con-full animated-slow e-flex elementor-invisible e-con e-child\" data-id=\"4879ca1\" data-element_type=\"container\" data-settings=\"{&quot;animation&quot;:&quot;bounceInDown&quot;}\">\n\t\t\t\t<div class=\"elementor-element elementor-element-56d4a53 elementor-widget__width-initial elementor-widget elementor-widget-html\" data-id=\"56d4a53\" data-element_type=\"widget\" data-widget_type=\"html.default\">\n\t\t\t\t<div class=\"elementor-widget-container\">\n\t\t\t\t\t<div class=\"container my-5\">\r\n  <div class=\"mb-4\">\r\n    <div class=\"d-flex align-items-center\">\r\n      <i class=\"fa fa-cogs text-dark\" style=\"font-size: 2.5rem; margin-right: 15px;\"><\/i>\r\n      <p class=\"mb-0\" style=\"font-size: 1rem;\">\r\n        Solicita tu cotizaci\u00f3n hoy mismo y comienza a visualizar c\u00f3mo tu proyecto puede tomar forma con nuestra experiencia y tecnolog\u00eda avanzada.\r\n      <\/p>\r\n    <\/div>\r\n  <\/div>\r\n  <div>\r\n    <div class=\"d-flex align-items-center\">\r\n      <i class=\"fa fa-lightbulb-o text-dark\" style=\"font-size: 2.5rem; margin-right: 15px;\"><\/i>\r\n      <p class=\"mb-0\" style=\"font-size: 1rem;\">\r\n        \u00a1Da el siguiente paso y descubre c\u00f3mo podemos hacer crecer tu negocio! Estamos aqu\u00ed para ofrecerte soluciones creativas e innovadoras.\r\n      <\/p>\r\n    <\/div>\r\n  <\/div>\r\n<\/div>\r\n\t\t\t\t<\/div>\n\t\t\t\t<\/div>\n\t\t\t\t<\/div>\n\t\t<div class=\"elementor-element elementor-element-b6f5e1f e-con-full animated-slow e-flex elementor-invisible e-con e-child\" data-id=\"b6f5e1f\" data-element_type=\"container\" data-settings=\"{&quot;animation&quot;:&quot;bounceInUp&quot;}\">\n\t\t\t\t<div class=\"elementor-element elementor-element-c3f8a4a elementor-widget__width-initial elementor-widget elementor-widget-html\" data-id=\"c3f8a4a\" data-element_type=\"widget\" data-widget_type=\"html.default\">\n\t\t\t\t<div class=\"elementor-widget-container\">\n\t\t\t\t\t<iframe src=\"https:\/\/www.google.com\/maps\/embed?pb=!1m18!1m12!1m3!1d254508.51833008064!2d-74.27262101648081!3d4.648278403060431!2m3!1f0!2f0!3f0!3m2!1i1024!2i768!4f13.1!3m3!1m2!1s0x8e3f9bfd2da6cb29%3A0x239d635520a33914!2zQm9nb3TDoQ!5e0!3m2!1ses-419!2sco!4v1737079424585!5m2!1ses-419!2sco\" width=\"600\" height=\"450\" style=\"border:0;\" allowfullscreen=\"\" loading=\"lazy\" referrerpolicy=\"no-referrer-when-downgrade\"><\/iframe>\t\t\t\t<\/div>\n\t\t\t\t<\/div>\n\t\t\t\t<\/div>\n\t\t\t\t\t<\/div>\n\t\t\t\t<\/div>\n\t\t\t\t<\/div>\n\t\t","protected":false},"excerpt":{"rendered":"<p>CONT\u00c1CTANOS En RewDev, valoramos profundamente la comunicaci\u00f3n con nuestros clientes y socios. Tu opini\u00f3n, inquietudes o consultas son fundamentales para nosotros. Si tienes alguna pregunta sobre nuestros productos, servicios, o necesitas asistencia, no dudes en ponerte en contacto con nuestro equipo. Solicita tu cotizaci\u00f3n hoy mismo y comienza a visualizar c\u00f3mo tu proyecto puede tomar&hellip; <br \/> <a class=\"button small blue\" href=\"https:\/\/rewdev.net\/?page_id=3342\">Leer m\u00e1s<\/a><\/p>\n","protected":false},"author":1,"featured_media":0,"parent":0,"menu_order":0,"comment_status":"closed","ping_status":"closed","template":"","meta":{"_joinchat":[],"footnotes":""},"class_list":["post-3342","page","type-page","status-publish","hentry"],"yoast_head":"<!-- This site is optimized with the Yoast SEO plugin v27.0 - https:\/\/yoast.com\/product\/yoast-seo-wordpress\/ -->\n<meta name=\"robots\" content=\"index, follow, max-snippet:-1, max-image-preview:large, max-video-preview:-1\" \/>\n<link rel=\"canonical\" href=\"https:\/\/rewdev.net\/?page_id=3342\" \/>\n<meta property=\"og:locale\" content=\"es_ES\" \/>\n<meta property=\"og:type\" content=\"article\" \/>\n<meta property=\"og:description\" content=\"CONT\u00c1CTANOS En RewDev, valoramos profundamente la comunicaci\u00f3n con nuestros clientes y socios. Tu opini\u00f3n, inquietudes o consultas son fundamentales para nosotros. Si tienes alguna pregunta sobre nuestros productos, servicios, o necesitas asistencia, no dudes en ponerte en contacto con nuestro equipo. Solicita tu cotizaci\u00f3n hoy mismo y comienza a visualizar c\u00f3mo tu proyecto puede tomar&hellip; Leer m\u00e1s\" \/>\n<meta property=\"og:url\" content=\"https:\/\/rewdev.net\/?page_id=3342\" \/>\n<meta property=\"article:publisher\" content=\"https:\/\/www.facebook.com\/RewDevCol\/\" \/>\n<meta property=\"article:modified_time\" content=\"2025-01-17T02:32:49+00:00\" \/>\n<meta property=\"og:image\" content=\"https:\/\/rewdev.net\/wp-content\/uploads\/2024\/07\/cropped-Logo-sin-fondo.png\" \/>\n\t<meta property=\"og:image:width\" content=\"512\" \/>\n\t<meta property=\"og:image:height\" content=\"512\" \/>\n\t<meta property=\"og:image:type\" content=\"image\/png\" \/>\n<meta name=\"twitter:card\" content=\"summary_large_image\" \/>\n<script type=\"application\/ld+json\" class=\"yoast-schema-graph\">{\"@context\":\"https:\/\/schema.org\",\"@graph\":[{\"@type\":\"WebPage\",\"@id\":\"https:\/\/rewdev.net\/?page_id=3342\",\"url\":\"https:\/\/rewdev.net\/?page_id=3342\",\"name\":\"\",\"isPartOf\":{\"@id\":\"https:\/\/rewdev.net\/#website\"},\"datePublished\":\"2024-07-23T19:16:40+00:00\",\"dateModified\":\"2025-01-17T02:32:49+00:00\",\"inLanguage\":\"es-CO\",\"potentialAction\":[{\"@type\":\"ReadAction\",\"target\":[\"https:\/\/rewdev.net\/?page_id=3342\"]}]},{\"@type\":\"WebSite\",\"@id\":\"https:\/\/rewdev.net\/#website\",\"url\":\"https:\/\/rewdev.net\/\",\"name\":\"RewDev S.A.S\",\"description\":\"\",\"publisher\":{\"@id\":\"https:\/\/rewdev.net\/#organization\"},\"potentialAction\":[{\"@type\":\"SearchAction\",\"target\":{\"@type\":\"EntryPoint\",\"urlTemplate\":\"https:\/\/rewdev.net\/?s={search_term_string}\"},\"query-input\":{\"@type\":\"PropertyValueSpecification\",\"valueRequired\":true,\"valueName\":\"search_term_string\"}}],\"inLanguage\":\"es-CO\"},{\"@type\":\"Organization\",\"@id\":\"https:\/\/rewdev.net\/#organization\",\"name\":\"RewDev S.A.S\",\"url\":\"https:\/\/rewdev.net\/\",\"logo\":{\"@type\":\"ImageObject\",\"inLanguage\":\"es-CO\",\"@id\":\"https:\/\/rewdev.net\/#\/schema\/logo\/image\/\",\"url\":\"https:\/\/rewdev.net\/wp-content\/uploads\/2024\/07\/cropped-Logo-sin-fondo.png\",\"contentUrl\":\"https:\/\/rewdev.net\/wp-content\/uploads\/2024\/07\/cropped-Logo-sin-fondo.png\",\"width\":512,\"height\":512,\"caption\":\"RewDev S.A.S\"},\"image\":{\"@id\":\"https:\/\/rewdev.net\/#\/schema\/logo\/image\/\"},\"sameAs\":[\"https:\/\/www.facebook.com\/RewDevCol\/\",\"https:\/\/www.instagram.com\/rewdevco\/?hl=es-la\"]}]}<\/script>\n<!-- \/ Yoast SEO plugin. -->","yoast_head_json":{"robots":{"index":"index","follow":"follow","max-snippet":"max-snippet:-1","max-image-preview":"max-image-preview:large","max-video-preview":"max-video-preview:-1"},"canonical":"https:\/\/rewdev.net\/?page_id=3342","og_locale":"es_ES","og_type":"article","og_description":"CONT\u00c1CTANOS En RewDev, valoramos profundamente la comunicaci\u00f3n con nuestros clientes y socios. Tu opini\u00f3n, inquietudes o consultas son fundamentales para nosotros. Si tienes alguna pregunta sobre nuestros productos, servicios, o necesitas asistencia, no dudes en ponerte en contacto con nuestro equipo. Solicita tu cotizaci\u00f3n hoy mismo y comienza a visualizar c\u00f3mo tu proyecto puede tomar&hellip; Leer m\u00e1s","og_url":"https:\/\/rewdev.net\/?page_id=3342","article_publisher":"https:\/\/www.facebook.com\/RewDevCol\/","article_modified_time":"2025-01-17T02:32:49+00:00","og_image":[{"width":512,"height":512,"url":"https:\/\/rewdev.net\/wp-content\/uploads\/2024\/07\/cropped-Logo-sin-fondo.png","type":"image\/png"}],"twitter_card":"summary_large_image","schema":{"@context":"https:\/\/schema.org","@graph":[{"@type":"WebPage","@id":"https:\/\/rewdev.net\/?page_id=3342","url":"https:\/\/rewdev.net\/?page_id=3342","name":"","isPartOf":{"@id":"https:\/\/rewdev.net\/#website"},"datePublished":"2024-07-23T19:16:40+00:00","dateModified":"2025-01-17T02:32:49+00:00","inLanguage":"es-CO","potentialAction":[{"@type":"ReadAction","target":["https:\/\/rewdev.net\/?page_id=3342"]}]},{"@type":"WebSite","@id":"https:\/\/rewdev.net\/#website","url":"https:\/\/rewdev.net\/","name":"RewDev S.A.S","description":"","publisher":{"@id":"https:\/\/rewdev.net\/#organization"},"potentialAction":[{"@type":"SearchAction","target":{"@type":"EntryPoint","urlTemplate":"https:\/\/rewdev.net\/?s={search_term_string}"},"query-input":{"@type":"PropertyValueSpecification","valueRequired":true,"valueName":"search_term_string"}}],"inLanguage":"es-CO"},{"@type":"Organization","@id":"https:\/\/rewdev.net\/#organization","name":"RewDev S.A.S","url":"https:\/\/rewdev.net\/","logo":{"@type":"ImageObject","inLanguage":"es-CO","@id":"https:\/\/rewdev.net\/#\/schema\/logo\/image\/","url":"https:\/\/rewdev.net\/wp-content\/uploads\/2024\/07\/cropped-Logo-sin-fondo.png","contentUrl":"https:\/\/rewdev.net\/wp-content\/uploads\/2024\/07\/cropped-Logo-sin-fondo.png","width":512,"height":512,"caption":"RewDev S.A.S"},"image":{"@id":"https:\/\/rewdev.net\/#\/schema\/logo\/image\/"},"sameAs":["https:\/\/www.facebook.com\/RewDevCol\/","https:\/\/www.instagram.com\/rewdevco\/?hl=es-la"]}]}},"_links":{"self":[{"href":"https:\/\/rewdev.net\/index.php?rest_route=\/wp\/v2\/pages\/3342","targetHints":{"allow":["GET"]}}],"collection":[{"href":"https:\/\/rewdev.net\/index.php?rest_route=\/wp\/v2\/pages"}],"about":[{"href":"https:\/\/rewdev.net\/index.php?rest_route=\/wp\/v2\/types\/page"}],"author":[{"embeddable":true,"href":"https:\/\/rewdev.net\/index.php?rest_route=\/wp\/v2\/users\/1"}],"replies":[{"embeddable":true,"href":"https:\/\/rewdev.net\/index.php?rest_route=%2Fwp%2Fv2%2Fcomments&post=3342"}],"version-history":[{"count":17,"href":"https:\/\/rewdev.net\/index.php?rest_route=\/wp\/v2\/pages\/3342\/revisions"}],"predecessor-version":[{"id":3678,"href":"https:\/\/rewdev.net\/index.php?rest_route=\/wp\/v2\/pages\/3342\/revisions\/3678"}],"wp:attachment":[{"href":"https:\/\/rewdev.net\/index.php?rest_route=%2Fwp%2Fv2%2Fmedia&parent=3342"}],"curies":[{"name":"wp","href":"https:\/\/api.w.org\/{rel}","templated":true}]}}